w(12)?
-6
Let d(j) = 5*j**2 - 281*j + 542. What is d(54)?
-52
Let m(p) = -2*p**3 + 14*p**2 - 15*p + 110. Determine m(7).
5
Let o(m) = m**3 - 13*m**2 + 26*m - 6. Determine o(2).
2
Let w(p) = 6*p**2 - 4*p + 3. Calculate w(2).
19
Let m(h) = -39*h + 30. Determine m(-5).
225
Let x(r) = 182*r + 388. Give x(-2).
24
Let g(l) = l**3 + l**2 + 9*l + 11. What is g(-1)?
2
Let r(i) = -148*i**3 - 3*i**2 - i + 4. Give r(1).
-148
Let o(h) = 4*h**3 - 175*h**2 + 873*h + 42. Give o(38).
4
Let c(s) = 2*s**2 + 178*s + 3867. Determine c(-38).
-9
Let c(n) = 213*n + 2624. What is c(-12)?
68
Let h(j) = -j**2 - 13*j - 26. Give h(-13).
-26
Let n(o) = 27*o - 208. Calculate n(3).
-127
Let g(d) = -5*d - 12. Calculate g(20).
-112
Let k(r) = r**3 - 6*r**2 - 59*r + 361. Determine k(7).
-3
Let m(t) = -1212*t + 1204. Determine m(1).
-8
Let v(g) = 49*g**2 + 2*g + 17. Calculate v(-3).
452
Let p(n) = -2*n**3 + 53*n**2 - 119*n - 37. Determine p(24).
-13
Let k(n) = 39*n + 225. Determine k(-15).
-360
Let a(i) = -i**2 - 215*i + 5669. Calculate a(24).
-67
Let p(q) = -221*q - 1367. What is p(-6)?
-41
Let h(f) = 3*f**3 + 7*f**2 + 31*f + 65. What is h(-3)?
-46
Let s(i) = i**2 - 119*i + 1839. Determine s(101).
21
Let h(v) = -v**3 - 72*v**2 + 51*v - 1609. Determine h(-73).
-3
Let k(w) = w**3 + 2*w**2 - 65*w - 191. Determine k(-3).
-5
Let f(b) = -b**2 + 7*b + 59. Give f(-7).
-39
Let o(a) = 18*a - 146. Determine o(7).
-20
Let q(x) = -80*x**2 - 398*x + 10. Determine q(-5).
0
Let a(d) = d**2 + 6*d + 47. Calculate a(-14).
159
Let y(i) = 2*i**3 - 20*i**2 + 11*i + 4. Give y(9).
-59
Let h(v) = -2*v**3 - 46*v**2 + 41*v - 216. Calculate h(-24).
-48
Let i(w) = 3*w**3 - 37*w**2 + 7*w + 56. What is i(12)?
-4
Let y(v) = -v**3 + 4*v**2 + v - 240. Calculate y(0).
-240
Let j(q) = 96*q**3 - 7*q**2 + 7. Calculate j(1).
96
Let u(x) = -12*x**2 - 1147*x + 486. Give u(-96).
6
Let g(d) = -35*d - 796. Give g(-25).
79
Let d(a) = a**2 + 22*a + 57. Calculate d(-17).
-28
Let h(t) = 18*t**2 + 8. Determine h(-4).
296
Let p(c) = -22*c + 183. What is p(12)?
-81
Let q(z) = -13*z**2 - 5*z - 8. Determine q(-2).
-50
Let s(t) = -6*t**3 + 3*t**2 + 20*t + 16. Calculate s(-1).
5
Let d(g) = 24*g - 130. What is d(2)?
-82
Let t(z) = -z**3 + 7*z**2 + 129*z + 67. Calculate t(-8).
-5
Let y(a) = a**2 + 1211*a - 7297. Determine y(6).
5
Let t(d) = -252*d - 5436. Give t(-22).
108
Let v(w) = 4*w**2 + 8*w + 37. Give v(0).
37
Let v(w) = 352*w + 593. Give v(-3).
-463
Let v(d) = -2*d**3 - 16*d**2 - 16*d - 67. What is v(-7)?
-53
Let c(v) = 3*v**3 - 129*v**2 - 8*v + 398. Calculate c(43).
54
Let o(f) = -216*f - 871. Determine o(-6).
425
Let w(z) = -8*z + 235. Calculate w(23).
51
Let q(j) = -437*j - 7840. What is q(-18)?
26
Let c(o) = o**3 + 28*o**2 - 66*o + 10. Determine c(-30).
190
Let f(c) = -350*c + 2101. Calculate f(6).
1
Let z(y) = -6*y**3 + 100*y**2 + 31*y + 45. Give z(17).
-6
Let f(q) = -50*q + 836. Calculate f(17).
-14
Let f(j) = -3*j**2 + 88*j - 491. What is f(22)?
-7
Let i(g) = g**3 - 6*g**2 + 237*g - 1417. Give i(6).
5
Let q(y) = 2*y**3 + 22*y**2 - 162*y - 48. Determine q(8).
1088
Let i(t) = -47*t - 732. Determine i(-12).
-168
Let z(x) = 20*x - 587. Calculate z(32).
53
Let v(p) = p**3 - 39*p**2 + 89*p + 682. Determine v(36).
-2
Let b(x) = 2014*x + 12017. Give b(-6).
-67
Let g(y) = y**2 - 60*y - 117. Calculate g(-2).
7
Let t(v) = -v**3 - 9*v**2 - 6*v + 20. Calculate t(-9).
74
Let z(g) = 2*g**3 + 71*g**2 - 32*g + 147. Calculate z(-36).
3
Let x(l) = -2*l**3 + 219*l**2 - 82*l - 2937. What is x(109)?
6
Let m(b) = 2*b**3 + 4*b**2 + 11*b - 35. Calculate m(-4).
-143
Let u(h) = 50*h - 238. Determine u(5).
12
Let b(o) = 75*o - 1259. Determine b(17).
16
Let g(o) = -28*o + 31. Calculate g(10).
-249
Let d(i) = -22833*i + 296835. What is d(13)?
6
Let f(p) = -p**2 + 15*p - 20. What is f(11)?
24
Let w(q) = q**3 + 4*q**2 - 2*q + 21. Give w(5).
236
Let d(w) = -292*w - 1189. Determine d(-4).
-21
Let d(o) = -o**2 + 30*o + 221. Give d(-6).
5
Let w(y) = 2*y**3 + 166*y**2 - 167*y + 58. Give w(-84).
-26
Let b(f) = -8*f - 1496. Determine b(-188).
8
Let h(c) = -244*c + 1426. What is h(6)?
-38
Let x(o) = 2*o**2 - 119*o + 1666. What is x(34)?
-68
Let k(n) = -6*n**2 + 49*n + 2562. Calculate k(-17).
-5
Let d(y) = y**3 + 63*y**2 + 195*y + 951. Calculate d(-60).
51
Let r(b) = -19*b**3 + 13*b**2 - 2*b. Calculate r(2).
-104
Let r(g) = -8*g**2 + 115*g + 2. Give r(13).
145
Let s(v) = -3*v**3 + 5*v**2 - 3*v - 11. Calculate s(4).
-135
Let y(k) = -32*k**2 + 1668*k - 207. Give y(52).
1
Let u(c) = -c**2 - 53*c - 177. Give u(-37).
415
Let o(q) = 6*q**3 + 6*q**2 - 14*q + 3. Give o(2).
47
Let a(z) = -z**2 - 31*z + 497. Give a(11).
35
Let u(q) = -14*q**2 - 252*q - 177. What is u(-17)?
61
Let n(p) = -13*p**3 + 88*p**2 - 4*p + 22. Determine n(7).
-153
Let s(o) = 2*o**3 - 269*o**2 + 85*o + 6552. Give s(134).
-14
Let q(i) = -786*i + 2457. Calculate q(3).
99
Let s(m) = -8*m + 454. What is s(48)?
70
Let t(d) = 975*d - 978. What is t(1)?
-3
Let r(a) = -a**3 - 8*a**2 + 26*a + 135. Determine r(-9).
-18
Let d(k) = 11*k**2 + 285*k - 284. Determine d(1).
12
Let r(w) = -3*w**2 + 40*w - 138. Give r(4).
-26
Let v(p) = -37*p**2 - 406*p + 33. Calculate v(-11).
22
Let j(s) = 57*s + 220. Give j(-6).
-122
Let l(a) = -25*a - 1321. What is l(-51)?
-46
Let i(c) = -34*c + 1366. Give i(38).
74
Let m(u) = -1681*u - 18501. Determine m(-11).
-10
Let i(g) = 162*g**2 - 112*g + 8. Calculate i(3).
1130
Let p(b) = -18*b**2 - 106*b + 23. Calculate p(-6).
11
Let h(o) = o**2 - 1447*o - 5810. Calculate h(-4).
-6
Let b(u) = u**2 + 44*u - 3315. Give b(40).
45
Let v(f) = 22702*f + 136210. Determine v(-6).
-2
Let l(t) = 27*t**2 + 503*t - 13. Give l(-19).
177
Let y(q) = 4504*q - 13500. What is y(3)?
12
Let p(l) = -69*l + 5054. Calculate p(72).
86
Let p(d) = -2*d**3 - 9*d**2 - 7*d + 13. Determine p(-2).
7
Let n(x) = -59*x**2 + 5349*x - 3514. Determine n(90).
-4
Let s(z) = -76*z + 61. Determine s(3).
-167
Let u(k) = -83*k**2 - 489*k + 7. Determine u(-6).
-47
Let n(i) = -37*i + 177. Determine n(5).
-8
Let b(h) = 13*h**3 - 4*h**2 + 18*h + 7. Calculate b(3).
376
Let u(o) = -193*o + 29729. What is u(154)?
7
Let z(o) = 258*o + 455. Determine z(-2).
-61
Let b(t) = t**2 - 11*t - 39. Calculate b(-19).
531
Let i(y) = y**3 - 17*y**2 - 39*y + 22. Calculate i(19).
3
Let p(o) = -171*o + 340. Give p(2).
-2
Let y(f) = f**3 + 15*f**2 - 6*f - 102. Give y(-4).
98
Let v(b) = -b**2 + 67*b - 68. Give v(1).
-2
Let l(t) = 19*t**2 + 1865*t + 298. What is l(-98)?
4
Let o(a) = a**2 - 7*a - 64. Calculate o(10).
-34
Let c(d) = -4*d**2 + 221*d + 1094. What is c(-5)?
-111
Let k(f) = -1161*f + 10443. Determine k(9).
-6
Let a(s) = -6509*s - 52090. Calculate a(-8).
-18
Let n(u) = -u**2 + 19*u + 110. Calculate n(22).
44
Let u(w) = -33*w - 221. Give u(-29).
736
Let h(f) = -38*f + 244. Determine h(7).
-22
Let p(y) = -4*y**2 - 460*y - 1756. What is p(-111)?
20
Let c(a) = a**2 + 62*a - 327. What is c(5)?
8
Let f(s) = -14*s - 197. Calculate f(-20).
83
Let q(y) = y**3 + 7*y**2 - y - 45. Give q(-5).
10
Let q(n) = -4*n**2 - 51*n + 4631. Determine q(-41).
-2
Let g(j) = 16*j**3 - 23*j**2 - 31*j + 1. Give g(2).
-25
Let j(g) = 36*g + 882. Calculate j(-24).
18
Let f(d) = -d**3 - d**2 - 27*d - 6. What is f(-6)?
336
Let l(c) = -2*c**3 + 15*c**2 - 30*c + 2. Determine l(2).
-14
Let q(t) = 2*t**3 + 126*t**2 + 123*t - 61. Calculate q(-62).
1
Let x(y) = -3*y**3 + 37*y**2 + 142*y - 1832. What is x(12)?
16
Let w(b) = -4*b**3 - 112*b**2 - 109*b - 48. Determine w(-27).
-21
Let y(q) = -9*q**2 + 34*q + 40. Determine y(-7).
-639
Let u(a) = 13*a**2 - 1493*a - 1745. Determine u(116).
-5
Let b(r) = r**2 + 39*r - 183. Determine b(-42).
-57
Let b(n) = -n**2 - 344*n + 7276. What is b(20)?
-4
Let k(y) = -y**3 - 49*y**2 - 10*y - 489. What is k(-49)?
1
Let c(i) = 10*i**3 - 466*i**2 + 275*i + 55. Give c(46).
9
Let m(q) = -7*q**2 + 27*q - 5. Determine m(-3).
-149
Let n(t) = -52*t + 119. Determine n(3).
-37
Let o(l) = 2*l**2 + 53*l + 115. What is o(-22)?
-83
Let w(m) = 25*m - 441. What is w(18)?
9
Let a(n) = 2*n**3 + 18*n**2 + 6*n + 13. Calculate a(-9).
-41
Let s(t) = 139*t - 9. What is s(-4)?
-565
Let b(j) = 1137*j + 4828. Calculate b(-4).
280
Let b(i) = i**3 - 78*i**2 + 13*i - 1009. Give b(78).
5
Let y(v) = -2*v**2 + 12*v + 233. Give y(-13).
-261
Let u(k) = -33*k**2 + 231*k - 1. What is u(7